4?
False
Is 1433704 a multiple of 4?
True
Does 20 divide 85499?
False
Does 24 divide 254053?
False
Does 26 divide 1989514?
False
Is 134667 a multiple of 39?
True
Is 170 a factor of 151640?
True
Is 18 a factor of 15840180?
True
Is 558 a factor of 96926?
False
Is 126 a factor of 4361994?
True
Is 36 a factor of 10733524?
False
Is 18 a factor of 2200644?
True
Is 718142 a multiple of 131?
True
Is 36915 a multiple of 11?
False
Is 74 a factor of 26988?
False
Does 4 divide 26708?
True
Is 62 a factor of 12117060?
False
Does 20 divide 119880?
True
Is 4670333 a multiple of 89?
False
Does 67 divide 1211829?
True
Is 152888 a multiple of 58?
True
Does 13 divide 10036576?
False
Is 3837812 a multiple of 22?
True
Is 17380 a multiple of 8?
False
Is 10 a factor of 14709?
False
Is 1439686 a multiple of 6?
False
Is 3403708 a multiple of 86?
True
Is 4215525 a multiple of 15?
True
Is 989825 a multiple of 72?
False
Is 11 a factor of 2086155?
False
Does 437 divide 112490?
False
Is 6 a factor of 3818915?
False
Does 322 divide 13735813?
False
Does 108 divide 1475172?
True
Is 80 a factor of 790622?
False
Does 6 divide 50022?
True
Is 217 a factor of 1210426?
True
Is 18702 a multiple of 229?
False
Is 571406 a multiple of 6?
False
Is 164 a factor of 3797256?
True
Is 385916 a multiple of 11?
False
Is 432 a factor of 1851120?
True
Is 37 a factor of 177890?
False
Is 293 a factor of 1258085?
False
Does 212 divide 817684?
True
Does 46 divide 3381322?
True
Is 45 a factor of 23947?
False
Does 16 divide 1965936?
True
Does 33 divide 380754?
True
Is 182288 a multiple of 9?
False
Does 144 divide 409968?
True
Is 48060 a multiple of 45?
True
Is 23 a factor of 110929?
True
Is 4 a factor of 2122779?
False
Is 20 a factor of 29040?
True
Is 21 a factor of 120981?
True
Is 1824 a multiple of 38?
True
Is 255932 a multiple of 17?
False
Is 54812 a multiple of 36?
False
Does 579 divide 12880434?
True
Does 202 divide 1807294?
True
Is 36 a factor of 34380?
True
Is 74382 a multiple of 5?
False
Is 6358350 a multiple of 25?
True
Is 27 a factor of 3131638?
False
Does 62 divide 119846?
True
Is 2394857 a multiple of 21?
False
Does 58 divide 17698294?
True
Does 34 divide 651542?
True
Is 91 a factor of 2388122?
False
Is 20 a factor of 26338220?
True
Does 46 divide 3311172?
True
Is 2 a factor of 7878?
True
Is 5876640 a multiple of 336?
True
Does 960 divide 3536762?
False
Does 1298 divide 6077217?
False
Is 180130 a multiple of 499?
False
Does 30 divide 37080?
True
Is 295 a factor of 5017439?
False
Does 224 divide 769216?
True
Is 195440 a multiple of 20?
True
Does 3 divide 244512?
True
Is 712998 a multiple of 286?
True
Is 23 a factor of 435528?
True
Is 627 a factor of 734844?
True
Does 90 divide 749087?
False
Does 16 divide 17736954?
False
Is 2775472 a multiple of 157?
False
Does 116 divide 734280?
True
Does 228 divide 61104?
True
Is 225 a factor of 357651?
False
Does 351 divide 1782378?
True
Is 8782449 a multiple of 559?
True
Is 852664 a multiple of 97?
False
Does 77 divide 214522?
True
Does 150 divide 1321950?
True
Is 6 a factor of 114728?
False
Does 722 divide 964594?
False
Does 1527 divide 16235064?
True
Is 9 a factor of 5006120?
False
Is 12 a factor of 884280?
True
Is 778 a factor of 566384?
True
Is 1133 a factor of 1579323?
False
Does 234 divide 110963?
False
Is 483 a factor of 8046297?
True
Is 209 a factor of 2590210?
False
Is 18067800 a multiple of 150?
True
Is 36 a factor of 187841?
False
Is 14 a factor of 146602?
False
Is 26 a factor of 5726484?
False
Does 855 divide 82644?
False
Is 10086 a multiple of 41?
True
Does 160 divide 177920?
True
Is 13039504 a multiple of 814?
False
Does 438 divide 3436257?
False
Does 12 divide 1299948?
True
Is 20 a factor of 369304?
False
Is 5862 a multiple of 3?
True
Is 132388 a multiple of 3?
False
Is 12493185 a multiple of 30?
False
Does 27 divide 1101384?
True
Is 2054052 a multiple of 7?
True
Is 675090 a multiple of 45?
True
Does 338 divide 11879686?
True
Does 247 divide 241566?
True
Does 13 divide 60008?
True
Does 73 divide 775347?
False
Is 15832027 a multiple of 23?
True
Is 165201 a multiple of 53?
True
Is 183690 a multiple of 39?
True
Does 14 divide 464606?
False
Does 229 divide 2006040?
True
Is 32 a factor of 6535390?
False
Does 19 divide 104652?
True
Is 454 a factor of 78056?
False
Is 496452 a multiple of 11?
True
Is 38 a factor of 604304?
False
Does 379 divide 121280?
True
Is 18775 a multiple of 24?
False
Does 47 divide 5946111?
True
Does 44 divide 51473?
False
Is 26 a factor of 1835080?
True
Does 7 divide 73024?
True
Does 253 divide 441485?
True
Is 1133 a factor of 1305437?
False
Does 52 divide 70623?
False
Is 16 a factor of 795920?
True
Does 7 divide 107573?
False
Does 38 divide 4431750?
True
Is 27 a factor of 335016?
True
Is 143 a factor of 1788546?
False
Is 392346 a multiple of 18?
True
Does 30 divide 1314450?
True
Does 307 divide 602499?
False
Does 2 divide 1174972?
True
Does 80 divide 9791182?
False
Is 21 a factor of 1928?
False
Is 24 a factor of 126360?
True
Is 825 a factor of 28450125?
True
Is 209473 a multiple of 445?
False
Is 824307 a multiple of 266?
False
Does 109 divide 3363958?
True
Is 13527778 a multiple of 22?
True
Does 4 divide 22460?
True
Is 100878 a multiple of 119?
False
Is 1109735 a multiple of 55?
True
Is 24 a factor of 369089?
False
Is 83 a factor of 98604?
True
Is 166500 a multiple of 375?
True
Is 707 a factor of 89727?
False
Does 7 divide 14560?
True
Is 64837 a multiple of 340?
False
Is 72029 a multiple of 223?
True
Is 46150 a multiple of 26?
True
Is 1962353 a multiple of 93?
False
Does 14 divide 2122344?
True
Does 459 divide 1641843?
True
Does 11 divide 31454588?
True
Does 7 divide 2730?
True
Is 339 a factor of 361713?
True
Is 14 a factor of 301336?
True
Is 1366369 a multiple of 26?
False
Does 5 divide 19709?
False
Is 88001 a multiple of 4?
False
Does 150 divide 577500?
True
Does 75 divide 379752?
False
Is 27 a factor of 975780?
True
Is 11 a factor of 305536?
True
Does 33 divide 48225?
False
Does 26 divide 6058?
True
Is 1555 a factor of 5369415?
True
Is 1116108 a multiple of 7?
True
Is 976651 a multiple of 22?
False
Does 74 divide 99686?
False
Does 421 divide 94725?
True
Does 117 divide 124956?
True
Is 1007240 a multiple of 149?
True
Is 51 a factor of 12518939?
False
Does 59 divide 374001?
True
Is 197 a factor of 198773?
True
Does 184 divide 4234213?
False
Does 4 divide 55908?
True
Is 44 a factor of 8748432?
True
Does 42 divide 2373858?
False
Is 52 a factor of 50232?
True
Does 290 divide 433260?
True
Does 75 divide 618750?
True
Does 119 divide 391034?
True
Is 9257010 a multiple of 510?
True
Does 19 divide 551019?
True
Is 24 a factor of 1366248?
True
Is 946669 a multiple of 46?
False
Is 9951536 a multiple of 16?
True
Does 175 divide 10362424?
False
Does 81 divide 92178?
True
Is 9 a factor of 452232?
True
Is 52 a factor of 84604?
True
Is 17 a factor of 189221?
False
Is 41 a factor of 1675777?
False
Does 47 divide 1493178?
False
Is 669282 a multiple of 3?
True
Is 2431800 a multiple of 630?
True
Does 248 divide 1628616?
True
Does 323 divide 1040408?
False
Is 4 a factor of 41113?
False
Is 153 a factor of 54841?
False
Does 1727 divide 23815081?
False
Does 231 divide 530838?
True
Does 200 divide 806000?
True
Is 1499316 a multiple of 13?
True
Is 66 a factor of 17572170?
True
Is 70 a factor of 196030?
False
Does 13 divide 207909?
True
Is 66968 a multiple of 88?
True
Is 459 a factor of 650862?
True
Does 4 divide 340312?
True
Is 263396 a multiple of 17?
False
Is 17 a factor of 1323705?
True
Is 1841 a multiple of 618?
False
Is 12 a factor of 176808?
True
Is 58649 a multiple of 263?
True
Is 36960 a multiple of 16?
True
Does 5 divide 1403107?
False
Is 520524 a multiple of 19?
True
Is 110370 a multiple of 15?
True
Does 11 divide 100980?
True
Does 91 divide 958048?
True
Does 39 divide 41922?
False
Is 13716 a multiple of 54?
True
Is 10 a factor of 1539937?
False
Does 502 divide 7054104?
True
Is 13 a factor of 1288407?
False
Is 2400274 a multiple of 38?
False
Is 43092 a multiple of 63?
True
Is 187 a factor of 786237?
False
Does 6 divide 848455?
False
Is 958464 a multiple of 36?
True
Is 71204 a multiple of 33?
False
Is 137 a factor of 5139506?
False
Is 158 a factor of 14536000?
True
Is 253351 a multiple of 286?
False
Does 11 divide 5192?
True
Is 18523